{"id":180,"date":"2018-12-13T09:47:33","date_gmt":"2018-12-13T09:47:33","guid":{"rendered":"http:\/\/kancelaria-szczecin.com.pl\/?page_id=180"},"modified":"2018-12-17T08:42:36","modified_gmt":"2018-12-17T08:42:36","slug":"rodo","status":"publish","type":"page","link":"https:\/\/kancelaria-szczecin.com.pl\/?page_id=180","title":{"rendered":"RODO"},"content":{"rendered":"<p>[et_pb_section bb_built=&#8221;1&#8243; fullwidth=&#8221;on&#8221; _builder_version=&#8221;3.16.1&#8243; next_background_color=&#8221;#000000&#8243;][et_pb_fullwidth_slider _builder_version=&#8221;3.18.5&#8243;][et_pb_slide heading=&#8221;Kancelarie Radc\u00f3w Prawnych&#8221; use_bg_overlay=&#8221;off&#8221; use_text_overlay=&#8221;off&#8221; _builder_version=&#8221;3.18.5&#8243; header_font=&#8221;Allerta Stencil||||||||&#8221; background_image=&#8221;http:\/\/kancelaria-szczecin.com.pl\/wp-content\/uploads\/2018\/10\/law-firm-18.jpg&#8221; button_on_hover=&#8221;on&#8221;]<\/p>\n<h3>Sta\u0144czyk, Przybylska<\/h3>\n<p>[\/et_pb_slide][\/et_pb_fullwidth_slider][\/et_pb_section][et_pb_section bb_built=&#8221;1&#8243; prev_background_color=&#8221;#000000&#8243;][et_pb_row][et_pb_column type=&#8221;4_4&#8243;][et_pb_text _builder_version=&#8221;3.18.7&#8243;]<\/p>\n<h1>RODO<\/h1>\n<p>[\/et_pb_text][et_pb_toggle _builder_version=&#8221;3.18.7&#8243; title=&#8221;Ma\u0142gorzata Sta\u0144czyk&#8221;]<\/p>\n<h2><strong>Szanowni \u00a0Klienci<\/strong><\/h2>\n<p><strong>Administratorem Pa\u0144stwa danych osobowych jest Ma\u0142gorzata Sta\u0144czyk Kancelaria Radcy Prawnego ul.\u00a0Okulickiego 73, 71-035 Szczecin.<\/strong><\/p>\n<p>Na wy\u017cej podany adres mo\u017cna kierowa\u0107 korespondencj\u0119 w sprawach danych osobowych.<\/p>\n<p>Pa\u0144stwa dane osobowe s\u0105 przetwarzane w nast\u0119puj\u0105cych celach:<\/p>\n<ul>\n<li>zawarcie i realizacja umowy (\u015bwiadczenia us\u0142ug prawnych),<\/li>\n<li>prowadzenie analiz i statystyk oraz na potrzeby prowadzonej przeze mnie dzia\u0142alno\u015bci gospodarczej,<\/li>\n<li>dochodzenie roszcze\u0144,<\/li>\n<li>udzielanie odpowiedzi na Pa\u0144stwa pisma i wnioski,<\/li>\n<li>prowadzenie dzia\u0142a\u0144 zwi\u0105zanych z zapewnieniem bezpiecze\u0144stwa,<\/li>\n<li>wype\u0142nianie ci\u0105\u017c\u0105cego na mnie obowi\u0105zku prawnego np. wystawienia faktury,<\/li>\n<li>archiwizacja, niszczenie danych po up\u0142ywie okresu ich przechowania.<\/li>\n<\/ul>\n<p>Podstaw\u0105 prawn\u0105 przetwarzania Pa\u0144stwa danych b\u0119dzie, co najmniej jedna z przes\u0142anek:<\/p>\n<ul>\n<li>udzielona zgoda;<\/li>\n<li>konieczno\u015b\u0107 wykonania umowy lub podj\u0119cia dzia\u0142a\u0144 na Pa\u0144stwa \u017c\u0105danie przed zawarciem umowy;<\/li>\n<li>konieczno\u015b\u0107 wype\u0142nienia ci\u0105\u017c\u0105cego na mnie obowi\u0105zku prawnego;<\/li>\n<li>konieczno\u015b\u0107 wynikaj\u0105ca z prawnie uzasadnionych interes\u00f3w realizowanych przez administratora takich jak udzielanie odpowiedzi na Pa\u0144stwa pisma i wnioski.<\/li>\n<\/ul>\n<p>Pa\u0144stwa dane mog\u0105 by\u0107 przekazywane nast\u0119puj\u0105cym podmiotom:<\/p>\n<ul>\n<li>kancelariom: ksi\u0119gowo-podatkowej lub prawnej prowadz\u0105cej obs\u0142ug\u0119 mojej dzia\u0142alno\u015bci,<\/li>\n<li>firmom kurierskim i pocztowym, kt\u00f3re b\u0119d\u0105 dostarcza\u0107 do Pa\u0144stwa przesy\u0142ki,<\/li>\n<li>podmiotom lub organom uprawnionym na podstawie przepis\u00f3w prawa.<\/li>\n<\/ul>\n<p>Pa\u0144stwa dane nie b\u0119d\u0105 przekazywane przeze mnie do pa\u0144stw trzecich.<\/p>\n<p>Okres przetwarzania Pa\u0144stwa danych osobowych jest uzale\u017cniony od celu, w jakim dane s\u0105 przetwarzane. Okres, przez kt\u00f3ry Pa\u0144stwa dane osobowe b\u0119d\u0105 przechowywane, jest obliczany w\u00a0oparciu o nast\u0119puj\u0105ce kryteria:<\/p>\n<ul>\n<li>obowi\u0105zuj\u0105ce mnie przepisy prawa, np. ustawy podatkowe, ustawa o rachunkowo\u015bci);<\/li>\n<li>okres, przez jaki s\u0105 \u015bwiadczone us\u0142ugi;<\/li>\n<li>okres, kt\u00f3ry jest niezb\u0119dny do obrony moich interes\u00f3w;<\/li>\n<li>okres, na jaki zosta\u0142a udzielona zgoda.<\/li>\n<\/ul>\n<p>Ponadto informuj\u0119, \u017ce maj\u0105 Pa\u0144stwo prawo do:<\/p>\n<ul>\n<li>\u017c\u0105dania dost\u0119pu do dotycz\u0105cych Pa\u0144stwa danych osobowych w celu sprostowania danych,<\/li>\n<li>\u017c\u0105dania uzupe\u0142nienia lub zmiany powierzonych mi danych osobowych, w tym poprzez przedstawienie dodatkowego o\u015bwiadczenia,<\/li>\n<li>usuni\u0119cia danych lub ograniczenia przetwarzania,<\/li>\n<li>wniesienia sprzeciwu wobec dalszego przetwarzania Pa\u0144stwa danych osobowych,<\/li>\n<li>przeniesienia Pa\u0144stwa danych osobowych.<\/li>\n<\/ul>\n<p>W przypadku w\u0105tpliwo\u015bci co do prawid\u0142owo\u015bci przetwarzania przeze mnie Pa\u0144stwa danych osobowych maj\u0105 Pa\u0144stwo prawo wniesienia skargi do organu nadzoru jakim jest Prezes Urz\u0119du Ochrony Danych Osobowych.<\/p>\n<p>Maj\u0105 Pa\u0144stwo prawo do cofni\u0119cia wyra\u017conej zgody w dowolnym momencie. Wycofanie zgody nie ma wp\u0142ywu na zgodno\u015b\u0107 z prawem przetwarzania Pa\u0144stwa danych, kt\u00f3rego dokonano na podstawie udzielonej zgody przed jej cofni\u0119ciem.<\/p>\n<p>Zgoda jest niezale\u017cna od czasu, w jakim Pa\u0144stwo korzystacie z us\u0142ug, obowi\u0105zuje do jej odwo\u0142ania.<\/p>\n<p>Je\u017celi chc\u0105 Pa\u0144stwo wycofa\u0107 udzielone zgody, prosimy o wys\u0142anie pisma lub maila na adres stanczyk.kancelaria@op.pl; w\u00a0temacie maila nale\u017cy wpisa\u0107 dok\u0142adnie &#8222;Wycofanie zg\u00f3d&#8221;.<\/p>\n<p>[\/et_pb_toggle][et_pb_toggle _builder_version=&#8221;3.18.7&#8243; title=&#8221;Kinga Przybylska-Charif&#8221;]<\/p>\n<h2><strong>Szanowni \u00a0Klienci<\/strong><\/h2>\n<p><strong>Administratorem Pa\u0144stwa danych osobowych jest Kinga Przybylska-Charif Kancelaria Radcy Prawnego ul.\u00a0Okulickiego 73, 71-035 Szczecin.<\/strong><\/p>\n<p>Na wy\u017cej podany adres mo\u017cna kierowa\u0107 korespondencj\u0119 w sprawach danych osobowych.<\/p>\n<p>Pa\u0144stwa dane osobowe s\u0105 przetwarzane w nast\u0119puj\u0105cych celach:<\/p>\n<ul>\n<li>zawarcie i realizacja umowy (\u015bwiadczenia us\u0142ug prawnych),<\/li>\n<li>prowadzenie analiz i statystyk oraz na potrzeby prowadzonej przeze mnie dzia\u0142alno\u015bci gospodarczej,<\/li>\n<li>dochodzenie roszcze\u0144,<\/li>\n<li>udzielanie odpowiedzi na Pa\u0144stwa pisma i wnioski,<\/li>\n<li>prowadzenie dzia\u0142a\u0144 zwi\u0105zanych z zapewnieniem bezpiecze\u0144stwa,<\/li>\n<li>wype\u0142nianie ci\u0105\u017c\u0105cego na mnie obowi\u0105zku prawnego np. wystawienia faktury,<\/li>\n<li>archiwizacja, niszczenie danych po up\u0142ywie okresu ich przechowania.<\/li>\n<\/ul>\n<p>Podstaw\u0105 prawn\u0105 przetwarzania Pa\u0144stwa danych b\u0119dzie, co najmniej jedna z przes\u0142anek:<\/p>\n<ul>\n<li>udzielona zgoda;<\/li>\n<li>konieczno\u015b\u0107 wykonania umowy lub podj\u0119cia dzia\u0142a\u0144 na Pa\u0144stwa \u017c\u0105danie przed zawarciem umowy;<\/li>\n<li>konieczno\u015b\u0107 wype\u0142nienia ci\u0105\u017c\u0105cego na mnie obowi\u0105zku prawnego;<\/li>\n<li>konieczno\u015b\u0107 wynikaj\u0105ca z prawnie uzasadnionych interes\u00f3w realizowanych przez administratora takich jak udzielanie odpowiedzi na Pa\u0144stwa pisma i wnioski.<\/li>\n<\/ul>\n<p>Pa\u0144stwa dane mog\u0105 by\u0107 przekazywane nast\u0119puj\u0105cym podmiotom:<\/p>\n<ul>\n<li>kancelariom: ksi\u0119gowo-podatkowej lub prawnej prowadz\u0105cej obs\u0142ug\u0119 mojej dzia\u0142alno\u015bci,<\/li>\n<li>firmom kurierskim i pocztowym, kt\u00f3re b\u0119d\u0105 dostarcza\u0107 do Pa\u0144stwa przesy\u0142ki,<\/li>\n<li>podmiotom lub organom uprawnionym na podstawie przepis\u00f3w prawa.<\/li>\n<\/ul>\n<p>Pa\u0144stwa dane nie b\u0119d\u0105 przekazywane przeze mnie do pa\u0144stw trzecich.<\/p>\n<p>Okres przetwarzania Pa\u0144stwa danych osobowych jest uzale\u017cniony od celu, w jakim dane s\u0105 przetwarzane. Okres, przez kt\u00f3ry Pa\u0144stwa dane osobowe b\u0119d\u0105 przechowywane, jest obliczany w\u00a0oparciu o nast\u0119puj\u0105ce kryteria:<\/p>\n<ul>\n<li>obowi\u0105zuj\u0105ce mnie przepisy prawa, np. ustawy podatkowe, ustawa o rachunkowo\u015bci);<\/li>\n<li>okres, przez jaki s\u0105 \u015bwiadczone us\u0142ugi;<\/li>\n<li>okres, kt\u00f3ry jest niezb\u0119dny do obrony moich interes\u00f3w;<\/li>\n<li>okres, na jaki zosta\u0142a udzielona zgoda.<\/li>\n<\/ul>\n<p>Ponadto informuj\u0119, \u017ce maj\u0105 Pa\u0144stwo prawo do:<\/p>\n<ul>\n<li>\u017c\u0105dania dost\u0119pu do dotycz\u0105cych Pa\u0144stwa danych osobowych w celu sprostowania danych,<\/li>\n<li>\u017c\u0105dania uzupe\u0142nienia lub zmiany powierzonych mi danych osobowych, w tym poprzez przedstawienie dodatkowego o\u015bwiadczenia,<\/li>\n<li>usuni\u0119cia danych lub ograniczenia przetwarzania,<\/li>\n<li>wniesienia sprzeciwu wobec dalszego przetwarzania Pa\u0144stwa danych osobowych,<\/li>\n<li>przeniesienia Pa\u0144stwa danych osobowych.<\/li>\n<\/ul>\n<p>W przypadku w\u0105tpliwo\u015bci co do prawid\u0142owo\u015bci przetwarzania przeze mnie Pa\u0144stwa danych osobowych maj\u0105 Pa\u0144stwo prawo wniesienia skargi do organu nadzoru jakim jest Prezes Urz\u0119du Ochrony Danych Osobowych.<\/p>\n<p>Maj\u0105 Pa\u0144stwo prawo do cofni\u0119cia wyra\u017conej zgody w dowolnym momencie. Wycofanie zgody nie ma wp\u0142ywu na zgodno\u015b\u0107 z prawem przetwarzania Pa\u0144stwa danych, kt\u00f3rego dokonano na podstawie udzielonej zgody przed jej cofni\u0119ciem.<\/p>\n<p>Zgoda jest niezale\u017cna od czasu, w jakim Pa\u0144stwo korzystacie z us\u0142ug, obowi\u0105zuje do jej odwo\u0142ania.<\/p>\n<p>Je\u017celi chc\u0105 Pa\u0144stwo wycofa\u0107 udzielone zgody, prosimy o wys\u0142anie pisma lub maila na adres kingaprzybylska@wp.pl; w\u00a0temacie maila nale\u017cy wpisa\u0107 dok\u0142adnie &#8222;Wycofanie zg\u00f3d&#8221;.<\/p>\n<p>[\/et_pb_toggle][\/et_pb_column][\/et_pb_row][\/et_pb_section]<\/p>\n","protected":false},"excerpt":{"rendered":"<p>Sta\u0144czyk, Przybylska <div class=\"et_pb_row et_pb_row_0 et_pb_row_empty\">\n\t\t\t\t\n\t\t\t\t\n\t\t\t\t\n\t\t\t\t\n\t\t\t\t\n\t\t\t<\/div> RODO Szanowni \u00a0Klienci Administratorem Pa\u0144stwa danych osobowych jest Ma\u0142gorzata Sta\u0144czyk Kancelaria Radcy Prawnego ul.\u00a0Okulickiego 73, 71-035 Szczecin. Na wy\u017cej podany adres mo\u017cna kierowa\u0107 korespondencj\u0119 w sprawach danych osobowych. Pa\u0144stwa dane osobowe s\u0105 przetwarzane w nast\u0119puj\u0105cych celach: zawarcie i realizacja umowy (\u015bwiadczenia us\u0142ug prawnych), prowadzenie analiz i statystyk oraz na potrzeby prowadzonej przeze [&hellip;]<\/p>\n","protected":false},"author":1,"featured_media":0,"parent":0,"menu_order":0,"comment_status":"closed","ping_status":"closed","template":"","meta":{"_et_pb_use_builder":"on","_et_pb_old_content":"","_et_gb_content_width":"","footnotes":""},"class_list":["post-180","page","type-page","status-publish","hentry"],"aioseo_notices":[],"_links":{"self":[{"href":"https:\/\/kancelaria-szczecin.com.pl\/index.php?rest_route=\/wp\/v2\/pages\/180","targetHints":{"allow":["GET"]}}],"collection":[{"href":"https:\/\/kancelaria-szczecin.com.pl\/index.php?rest_route=\/wp\/v2\/pages"}],"about":[{"href":"https:\/\/kancelaria-szczecin.com.pl\/index.php?rest_route=\/wp\/v2\/types\/page"}],"author":[{"embeddable":true,"href":"https:\/\/kancelaria-szczecin.com.pl\/index.php?rest_route=\/wp\/v2\/users\/1"}],"replies":[{"embeddable":true,"href":"https:\/\/kancelaria-szczecin.com.pl\/index.php?rest_route=%2Fwp%2Fv2%2Fcomments&post=180"}],"version-history":[{"count":6,"href":"https:\/\/kancelaria-szczecin.com.pl\/index.php?rest_route=\/wp\/v2\/pages\/180\/revisions"}],"predecessor-version":[{"id":199,"href":"https:\/\/kancelaria-szczecin.com.pl\/index.php?rest_route=\/wp\/v2\/pages\/180\/revisions\/199"}],"wp:attachment":[{"href":"https:\/\/kancelaria-szczecin.com.pl\/index.php?rest_route=%2Fwp%2Fv2%2Fmedia&parent=180"}],"curies":[{"name":"wp","href":"https:\/\/api.w.org\/{rel}","templated":true}]}}